 the units digit of 623025?
5
What is the hundred thousands digit of 412297?
4
What is the hundred thousands digit of 284871?
2
What is the units digit of 20460?
0
What is the hundreds digit of 4040557?
5
What is the ten thousands digit of 327289?
2
What is the millions digit of 3049068?
3
What is the ten thousands digit of 82238?
8
What is the millions digit of 1148064?
1
What is the hundred thousands digit of 126645?
1
What is the hundreds digit of 13378?
3
What is the units digit of 112441?
1
What is the hundred thousands digit of 698387?
6
What is the thousands digit of 435350?
5
What is the hundreds digit of 5258575?
5
What is the units digit of 8793554?
4
What is the tens digit of 6733174?
7
What is the millions digit of 2117624?
2
What is the thousands digit of 21812118?
2
What is the tens digit of 1879536?
3
What is the ten thousands digit of 6573324?
7
What is the tens digit of 3280110?
1
What is the units digit of 1699467?
7
What is the hundreds digit of 190399?
3
What is the hundred thousands digit of 1954047?
9
What is the hundreds digit of 368616?
6
What is the thousands digit of 626728?
6
What is the hundred thousands digit of 4516925?
5
What is the units digit of 4977489?
9
What is the ten thousands digit of 10697801?
9
What is the ten thousands digit of 510548?
1
What is the ten thousands digit of 1742529?
4
What is the tens digit of 2976036?
3
What is the units digit of 136601?
1
What is the hundred thousands digit of 788818?
7
What is the hundreds digit of 3058191?
1
What is the units digit of 4639834?
4
What is the hundred thousands digit of 249374?
2
What is the units digit of 302043?
3
What is the units digit of 409371?
1
What is the ten thousands digit of 2156876?
5
What is the ten thousands digit of 110863?
1
What is the ten thousands digit of 87983?
8
What is the units digit of 2367496?
6
What is the tens digit of 848117?
1
What is the thousands digit of 4345335?
5
What is the tens digit of 8664621?
2
What is the hundreds digit of 9025735?
7
What is the thousands digit of 11076451?
6
What is the hundreds digit of 35204?
2
What is the thousands digit of 6332048?
2
What is the millions digit of 3819868?
3
What is the millions digit of 17652350?
7
What is the millions digit of 8470056?
8
What is the tens digit of 118203?
0
What is the hundreds digit of 1031273?
2
What is the millions digit of 4388652?
4
What is the ten thousands digit of 10571185?
7
What is the hundred thousands digit of 5721857?
7
What is the ten thousands digit of 48026?
4
What is the hundred thousands digit of 993140?
9
What is the hundreds digit of 21887?
8
What is the thousands digit of 6764873?
4
What is the hundreds digit of 771963?
9
What is the tens digit of 24313036?
3
What is the thousands digit of 5214455?
4
What is the millions digit of 5915326?
5
What is the ten millions digit of 12152936?
1
What is the ten thousands digit of 668767?
6
What is the tens digit of 202314?
1
What is the thousands digit of 12167155?
7
What is the hundred thousands digit of 26867154?
8
What is the thousands digit of 160140?
0
What is the ten thousands digit of 53109?
5
What is the units digit of 41407054?
4
What is the hundreds digit of 72745?
7
What is the ten thousands digit of 10440490?
4
What is the ten thousands digit of 140717?
4
What is the thousands digit of 8940482?
0
What is the tens digit of 1814646?
4
What is the hundreds digit of 1399462?
4
What is the ten thousands digit of 1689078?
8
What is the tens digit of 2366005?
0
What is the thousands digit of 12838356?
8
What is the hundred thousands digit of 2567360?
5
What is the hundred thousands digit of 8439353?
4
What is the hundreds digit of 203352?
3
What is the hundred thousands digit of 1542387?
5
What is the thousands digit of 251842?
1
What is the thousands digit of 2518248?
8
What is the ten thousands digit of 250984?
5
What is the ten millions digit of 23889153?
2
What is the thousands digit of 10563883?
3
What is the ten thousands digit of 80268?
8
What is the hundreds digit of 1818622?
6
What is the thousands digit of 9470597?
0
What is the ten thousands digit of 1185835?
8
What is the ten thousands digit of 3293306?
9
What is the hundred thousands digit of 356714?
3
What is the hundreds digit of 8352246?
2
What is the ten thousands digit of 7168514?
6
What is the units digit of 35288?
8
What is the ten thousands digit of 419530?
1
What is the ten thousands digit of 306991?
0
What is the millions digit of 15894151?
5
What is the hundreds digit of 6331393?
3
What is the tens digit of 2719655?
5
What is the tens digit of 864232?
3
What is the tens digit of 4587590?
9
What is the ten thousands digit of 479151?
7
What is the hundreds digit of 484065?
0
What is the hundreds digit of 325083?
0
What is the millions digit of 1286851?
1
What is the hundreds digit of 9099535?
5
What is the units digit of 366241?
1
What is the tens digit of 363829?
2
What is the thousands digit of 9749560?
9
What is the tens digit of 978502?
0
What is the thousands digit of 1556736?
6
What is the units digit of 319220?
0
What is the hundred thousands digit of 1975907?
9
What is the thousands digit of 374409?
4
What is the thousands digit of 3403410?
3
What is the hundred thousands digit of 579847?
5
What is the hundreds digit of 18511879?
8
What is the ten thousands digit of 356239?
5
What is the millions digit of 1048635?
1
What is the hundreds digit of 130898?
8
What is the ten thousands digit of 287164?
8
What is the hundred thousands digit of 109712?
1
What is the tens digit of 351747?
4
What is the units digit of 122046?
6
What is the tens digit of 293530?
3
What is the units digit of 4137314?
4
What is the units digit of 235481?
1
What is the tens digit of 2495903?
0
What is the hundreds digit of 475538?
5
What is the hundred thousands digit of 1538968?
5
What is the ten thousands digit of 27415431?
1
What is the ten thousands digit of 30881662?
8
What is the hundred thousands digit of 3956918?
9
What is the tens digit of 204088?
8
What is the hundreds digit of 3999626?
6
What is the thousands digit of 30909436?
9
What is the hundreds digit of 539555?
5
What is the tens digit of 39128?
2
What is the ten thousands digit of 10495438?
9
What is the tens digit of 2608035?
3
What is the hundred thousands digit of 9203526?
2
What is the ten thousands digit of 10383218?
8
What is the units digit of 645508?
8
What is the millions digit of 12675992?
2
What is the hundreds digit of 27472328?
3
What is the units digit of 12434993?
3
What is the thousands digit of 403551?
3
What is the hundred thousands digit of 330155?
3
What is the thousands digit of 456471?
6
What is the thousands digit of 13786?
3
What is the hundreds digit of 5958161?
1
What is the tens digit of 354266?
6
What is the units digit of 33236?
6
What is the ten thousands digit of 37471?
3
What is the ten thousands digit of 198286?
9
What is the thousands digit of 8782514?
2
What is the hundreds digit of 4659729?
7
What is the tens digit of 405820?
2
What is the thousands digit of 18361299?
1
What is the thousands digit of 494545?
4
What is the ten thousands digit of 32030377?
3
What is the units digit of 912319?
9
What is the ten thousands digit of 7729671?
2
What is the hundred thousands digit of 152991?
1
What is the hundred thousands digit of 1853077?
8
What is the hundred thousands digit of 697831?
6
What is the thousands digit of 121316?
1
What is the thousands digit of 1247976?
7
What is the tens digit of 2362612?
1
What is the hundreds digit of 538586?
5
What is the thousands digit of 1050446?
0
What is the tens digit of 457861?
6
What is the hundred thousands digit of 1530882?
5
What is the tens digit of 116693?
9
What is the tens digit of 96359?
5
What is the hundred thousands digit of 275606?
2
What is the units digit of 3468628?
8
What is the ten thousands digit of 3773972?
7
What is the thousands digit of 6064256?
4
What is the units digit of 31935080?
0
What is the ten thousands digit of 5136669?
3
What is the units digit of 202115?
5
What is the units digit of 495965?
5
What is the ten thousands digit of 707814?
0
What is the units digit of 800810?
0
What is the thousands digit of 388730?
8
What is the ten thousands digit of 225885?
2
What i